t t(c) = -4*c - 5. Let d(f) = 3*n(f) - t(f). What is d(4)?
30
Suppose -3*w + 5 - 2 = 0. Suppose f = -w + 3. Let n(s) = 4*s**2 - 4*s + 3. Determine n(f).
11
Let m(x) = 5*x**3 + 2*x**2 + 2*x + 1. Suppose -5 + 10 = -5*d. What is m(d)?
-4
Let x(p) = 2*p - 10. Let d be (6 - 24/(-30)) + (-2)/(-10). What is x(d)?
4
Let h(q) = -2*q**3 - 3*q**2 + q - 1. Let i(r) = -r**3 - r**2 + r. Let d(u) = -h(u) + 3*i(u). Give d(-2).
5
Suppose 3*t = -0*t + 15. Suppose -3*j + t*j + 6 = 0. Let n(g) = -2 - g**3 + 0*g**3 + 3 + 4*g - g**2. What is n(j)?
7
Let q(v) = 3*v - 4. Let l(f) = 10*f - 13. Let j = 2 + -1. Suppose -4*r = 3*o - 11 + j, -o = -4*r + 18. Let t(m) = o*l(m) + 7*q(m). What is t(2)?
0
Let x = -8 - -11. Let g(v) = 5*v**2 - 2*v + 3. Let h(j) = 4*j**2 - 2*j + 2. Let p(w) = 3*g(w) - 4*h(w). Determine p(x).
-2
Let u = 43 + -42. Let r(v) = 5*v**2 + v - 1. What is r(u)?
5
Let d(y) = -y**3 - 4*y**2 - 3*y - 1. Let z be d(-3). Let f be z + -1 + 4 - 0. Let x(p) be the first derivative of -2*p**3/3 - p**2/2 + 2*p + 7. Give x(f).
-8
Let o(p) = -2*p**2 + 7*p + 7. Let h(b) = 5*b**2 - 15*b - 15. Let a(d) = -3*h(d) - 7*o(d). Give a(-6).
-16
Let q(u) = u**3 - 5*u**2 + 3*u - 2. Let c be 2*(285/(-2))/(-3). Suppose 4*y - 25 = c. Let d be (18/(-15))/((-9)/y). What is q(d)?
-6
Let k(t) be the third derivative of t**6/120 - t**5/20 + t**4/8 - 2*t**3/3 - t**2. Suppose -3*m - 3*l - 7 = -28, 2*l + 7 = 5*m. Determine k(m).
5
Let c(s) = 7*s + 2. Let j(g) = 3*g. Let a(q) = 2*c(q) - 5*j(q). Let r = -11 + 18. Determine a(r).
-3
Suppose -j - 4 = -3*j. Let q(i) = 4*i - 3. Let z be q(j). Let k(s) = 4*s**2 - 6*s**2 - 1 + s - z*s. Calculate k(-3).
-7
Let a(s) = -4*s + 1. Let m be (-1 + 4 + -6)*-1. Suppose -5*g + 21 = -3*y, -m*g = y - 2*g - 1. What is a(y)?
9
Let p be (-14)/(-10) - 8/20. Suppose d = 2*d - 4. Let k(b) = -b + p - d + 4. What is k(1)?
0
Let s(m) = 3*m**2 - 2*m - 1. Let r be ((-9)/18)/(2/4). Give s(r).
4
Let m(p) be the third derivative of -p**5/60 - 11*p**4/24 - 11*p**3/6 - 10*p**2. Calculate m(-9).
7
Let f(a) = 4*a - 2. Let c(t) = -t**2 + 9*t - 4. Let r(i) = -2*c(i) + 5*f(i). Calculate r(-2).
2
Let t(a) = 5*a**2 - a - 5. Let l(z) = -4*z**2 + 2*z + 5. Suppose 3*u - 10 = 5*w - 4*w, 3*w + 2*u - 25 = 0. Let r(d) = w*t(d) + 6*l(d). Give r(-5).
-5
Let f(v) = v - 3*v + 2 + 11*v**3 + 4*v**2 - 12*v**3. Determine f(2).
6
Let w(j) be the second derivative of -j**3/6 - j**2 + 10*j. What is w(-1)?
-1
Let n be (-5)/(-1)*24/40. Let w be ((-3)/1 + n)/2. Let y(l) = 3 + l**2 - 12 - 2*l**2. Determine y(w).
-9
Let n(f) = -3*f + 2*f**2 + f - f**2 + 10*f + 2. Calculate n(-7).
-5
Let q(m) = m**3 + 2*m**2 + 3*m + 2. Let u be q(-2). Let i(n) = 736*n - n**2 + 5 - 736*n. Calculate i(u).
-11
Let a(v) = -v**2 + 4*v - 2. Let p be a(4). Let g(h) = 3 - 2*h**2 - 1 - 1 - h**3. Determine g(p).
1
Suppose 0 = 5*m + 2*s + 23, 2*m = s - 5 + 3. Let j(t) = t**3 + 3*t**2 + 4. Calculate j(m).
4
Suppose -2*g = -g. Suppose -12*o + 15*o + 12 = g. Let k(q) = q**2 + 8*q + 2. Let t(u) = u**2 + 9*u + 2. Let n(w) = 4*k(w) - 3*t(w). Give n(o).
-2
Let s be 1 + 1/1 + 0. Let x = s - -2. Let b(g) be the first derivative of -g**2 + 3*g + 1. Determine b(x).
-5
Let x(q) = q**2 - q + 4. Suppose -6 = -10*z + 24. What is x(z)?
10
Let k(z) = -3*z**2 + 4. Let r(m) = m**2 + m. Let q(y) = -k(y) - 4*r(y). Determine q(-5).
-9
Let f = 1 - -1. Let p(u) = 0 + u + 1 - 3*u**2 + 2*u**f. Calculate p(2).
-1
Let z(w) be the third derivative of w**6/120 + w**5/10 - 7*w**4/24 + 7*w**3/6 - 9*w**2. What is z(-7)?
7
Let o(d) = -8*d. Suppose 0 = -2*w - 4 + 6. Give o(w).
-8
Let v(a) = a**3 + 7*a**2 + a + 9. Let q be -8 + 0 + (-2 - -3). Let i be v(q). Let k(o) = 3*o**2 - 1 - 2*o + 4*o**2 - 3*o**2 + 0*o**2. Determine k(i).
11
Let t(l) = 3*l**2 + 5*l**3 - 4*l**2 - 6*l**3. Suppose 1 = 38*h - 37. What is t(h)?
-2
Suppose 0*z - 2*z = 0. Let w(q) = 0*q**2 - 3*q**2 + 4*q**2 - 1. Give w(z).
-1
Suppose 3*c = n + 1 - 4, -5*n + 1 = -c. Let q(s) = n*s**2 - 2*s**2 - 4*s**2 + 6*s - 2 + s**3. Suppose -2*x + 5 = -5. Give q(x).
3
Suppose 2*r = g + 4*g + 19, -4*r + 3*g + 17 = 0. Let i(y) = -y**3 - 6*y - y**r + 3*y - 3*y**2 + y**2. Determine i(-3).
9
Let p be ((-18)/(-8))/((-6)/(-16)). Suppose -2*l = 4*c - 4*l - 12, 24 = 4*c + l. Let k(o) = -o - 18 + c + 2*o. Give k(p).
-7
Let r(q) be the third derivative of -q**4/24 - 3*q**3/2 - 32*q**2. What is r(-9)?
0
Suppose 0 = a - 6. Let m = a + -7. Let j(d) = d + 2. Calculate j(m).
1
Let o be ((-18)/4)/((-7)/(-28)). Let i = -12 - o. Let c(q) = 6*q**2 + 9*q. Let y(h) = 7*h**2 + 10*h + 1. Let g(v) = i*c(v) - 5*y(v). Calculate g(-4).
-5
Let r(z) = 12*z**2 + 2*z + 1. Let d be 4/20 + (-14)/(-5). Let t be ((-1)/d)/(6/18). Calculate r(t).
11
Let o = -5 + 10. Let i(y) be the third derivative of 1/24*y**4 + 1/3*y**3 - y**2 + 0*y + 0. Determine i(o).
7
Let c(t) be the third derivative of -t**5/30 + t**4/6 - t**3/3 - 9*t**2. Calculate c(2).
-2
Let r = 4 - 4. Let g(x) = x - 7. Calculate g(r).
-7
Let r(d) be the second derivative of -5*d**4/12 + d**2 + 3*d + 8. What is r(-2)?
-18
Let y(h) = h**3 + 6*h - 2*h - 5*h - 4*h**2 - 1. Determine y(4).
-5
Let v(a) = -2*a + 7*a - 6*a + 3. Let b be v(4). Let u(r) = r**2 - 6*r - 1. Let w(p) = -7*p - 1. Let o(z) = 6*u(z) - 5*w(z). Determine o(b).
6
Let s be (-6)/(-2) - (-15)/5. Let u(t) = -t + 12. What is u(s)?
6
Suppose -6*y + 5*f = -2*y + 5, -3*f + 20 = y. Suppose -o = -y*o + 12. Let s(l) = -l**3 + 2*l**2 + 3*l + 2. Determine s(o).
2
Let u(y) = -4*y + 1 - y + 7*y. What is u(-2)?
-3
Let p(x) = -x**3 + 5*x**2 - 7*x + 4. Let d(q) = -2*q**3 + 11*q**2 - 15*q + 9. Let a(h) = 2*d(h) - 5*p(h). Calculate a(3).
13
Let n(a) = -2*a + 1. Let f be n(-2). Let t(p) = 2*p - 2*p**2 - 18*p**3 - 4 + 17*p**3 + 7*p**2. Give t(f).
6
Let d(h) be the second derivative of -h**5/20 - h**4/6 - h**2/2 - 29*h. Give d(-2).
-1
Let p(w) = -6 + 2*w**2 - 3*w**2 - 4*w + 3*w. Let x = 9 + -9. Suppose x = 6*t - 2*t. What is p(t)?
-6
Let i = -2 - 2. Let s(j) = -j. Calculate s(i).
4
Let v(a) = -23*a - 2 + 22*a + 3. Suppose b = 4*o - 9, 4 = 5*o - b - 6. Determine v(o).
0
Let q(b) be the second derivative of -b + 0 + 1/6*b**3 + 1/2*b**2. Let x be (-15)/(-6)*(-6)/(-5). Calculate q(x).
4
Let y be (2/(-4))/(7/(-42)). Let f(q) = -q + 7. Let s(l) = -2*l + 7. Let j(w) = y*s(w) - 4*f(w). What is j(-6)?
5
Let i(d) = -2*d + 5. Let f be i(4). Let n(q) be the third derivative of -q**4/24 - 2*q**2. Calculate n(f).
3
Suppose 1 = -v - 1. Let x(k) be the second derivative of k**3/2 + k**2 + 7*k. What is x(v)?
-4
Let k(b) be the first derivative of -3*b**2/2 + b - 1. What is k(2)?
-5
Suppose 2*f + 37 - 41 = 0. Let c(j) = -j**3 + 5*j**2 - j - 1. Calculate c(f).
9
Suppose -20*k = -15*k. Let g(a) = -a**2 - a + 2. What is g(k)?
2
Let l(s) = s + 12. Let w be l(-7). Let d(p) = -4*p - 11. Let h(c) = 3*c + 10. Let x(a) = 4*d(a) + 5*h(a). Give x(w).
1
Let j(h) = -h**2 + 5*h + 7. Let n(t) = t + 12. Let w = -11 - -5. Let c be n(w). What is j(c)?
1
Suppose 3*a = g - 17, -5*g + a - 1 + 16 = 0. Let m(t) = 0 - 4*t - 8*t**g - 3 + 5*t**2. Let d(b) = b**3 + 7*b**2 - b - 9. Let q be d(-7). What is m(q)?
-7
Suppose 2*w - 3*w + 3 = 0. Suppose -w*h - 3*f + 22 = -h, 4*f = 16. Let i be (2 + -1)*(2 - h). Let p(v) = v**2 + 3*v + 4. Give p(i).
4
Let h(s) = s**3 + 2*s**2 - 5*s - 4. Let j(i) = i**3 + 3*i**2 - 4*i - 3. Let c(v) = -3*h(v) + 4*j(v). Give c(-6).
6
Let j(m) = -m**3 + 3*m**2 + 2*m - 4. Let l = 26 + -23. Give j(l).
2
Let w(p) = -7*p**2 - 2*p + 1. Let u(c) be the third derivative of c**5/60 + c**4/12 + c**3/3 - c**2. Let x be u(-3). Suppose -x*i + 5 = -0*i. Calculate w(i).
-8
Let q(v) = -v**2 + 9*v - 10. Let u(k) = -k + 1. Let n(p) = -q(p) - 3*u(p). Determine n(5).
2
Let i(d) = 3*d - 18. Let k(x) = -4*x + 17. Let b(o) = 3*i(o) + 2*k(o). Give b(0).
-20
Let p = -3 + 8. Suppose 16 = -4*v - 3*d, 0 = p*v - 0*d - 5*d - 15. Let o(x) = -2*x**3 - 1. Calculate o(v).
1
Let n(w) = -2*w**3 + 2*w**2 + w - 5. Let m(p) = -p**3 + p**2 - 1. Let s(i) = -3*m(i) + n(i). Let v be -6*2/(2*1). Let z be ((-4)/v)/((-1)/(-3)). Determine s(z).
4
Let r(v) be the second derivative of -v**5/20 - 5*v**4/12 - v**3/2 - 3*v**2 + 11*v. Calculate r(-4).
-10
Suppose -v + 0 - 1 = 0. Let a(k) = 7*k**2 - k**3 + 0 - 8*k**2 - 1. Give a(v).
-1
Suppose x - 16 = 5*x. Let d(r) = -r**2 - 4*r + 2. Determine d(x).
2
Let j(i) = 4 - 2*i 